9
What is the hundreds digit of 130752?
7
What is the hundreds digit of 3332?
3
What is the units digit of 3016?
6
What is the hundreds digit of 39420?
4
What is the tens digit of 1746?
4
What is the hundreds digit of 6767?
7
What is the tens digit of 633?
3
What is the hundreds digit of 372?
3
What is the units digit of 1845?
5
What is the tens digit of 7083?
8
What is the tens digit of 1222?
2
What is the units digit of 1203?
3
What is the tens digit of 3557?
5
What is the units digit of 5313?
3
What is the hundreds digit of 43358?
3
What is the ten thousands digit of 38499?
3
What is the thousands digit of 2696?
2
What is the tens digit of 24181?
8
What is the units digit of 1074?
4
What is the units digit of 9277?
7
What is the thousands digit of 6884?
6
What is the tens digit of 48039?
3
What is the hundreds digit of 82035?
0
What is the units digit of 30192?
2
What is the thousands digit of 2016?
2
What is the thousands digit of 1623?
1
What is the hundreds digit of 9681?
6
What is the thousands digit of 119155?
9
What is the hundreds digit of 35128?
1
What is the thousands digit of 11603?
1
What is the thousands digit of 23661?
3
What is the units digit of 15043?
3
What is the tens digit of 6151?
5
What is the thousands digit of 1248?
1
What is the units digit of 1470?
0
What is the units digit of 11923?
3
What is the units digit of 57769?
9
What is the thousands digit of 32733?
2
What is the hundreds digit of 158?
1
What is the ten thousands digit of 14688?
1
What is the units digit of 6237?
7
What is the units digit of 86?
6
What is the tens digit of 6475?
7
What is the ten thousands digit of 11637?
1
What is the units digit of 628?
8
What is the hundreds digit of 40778?
7
What is the thousands digit of 6217?
6
What is the tens digit of 1204?
0
What is the units digit of 8606?
6
What is the units digit of 9?
9
What is the units digit of 283?
3
What is the thousands digit of 71797?
1
What is the thousands digit of 1247?
1
What is the units digit of 2343?
3
What is the units digit of 1716?
6
What is the tens digit of 151?
5
What is the tens digit of 1496?
9
What is the hundreds digit of 12625?
6
What is the tens digit of 111121?
2
What is the hundreds digit of 20806?
8
What is the hundreds digit of 1698?
6
What is the units digit of 34866?
6
What is the thousands digit of 20781?
0
What is the units digit of 141?
1
What is the hundreds digit of 17897?
8
What is the thousands digit of 11511?
1
What is the units digit of 1873?
3
What is the units digit of 4460?
0
What is the hundreds digit of 2308?
3
What is the hundreds digit of 30282?
2
What is the hundreds digit of 3556?
5
What is the units digit of 5325?
5
What is the units digit of 3721?
1
What is the tens digit of 1373?
7
What is the hundreds digit of 81491?
4
What is the tens digit of 455?
5
What is the tens digit of 1422?
2
What is the units digit of 1417?
7
What is the units digit of 1117?
7
What is the thousands digit of 13244?
3
What is the ten thousands digit of 20457?
2
What is the thousands digit of 3998?
3
What is the tens digit of 58311?
1
What is the units digit of 40517?
7
What is the thousands digit of 2854?
2
What is the tens digit of 560?
6
What is the tens digit of 1382?
8
What is the tens digit of 24451?
5
What is the units digit of 2361?
1
What is the thousands digit of 18230?
8
What is the units digit of 19939?
9
What is the tens digit of 1957?
5
What is the thousands digit of 1563?
1
What is the hundreds digit of 42966?
9
What is the tens digit of 48181?
8
What is the ten thousands digit of 14389?
1
What is the tens digit of 181?
8
What is the tens digit of 11508?
0
What is the tens digit of 391?
9
What is the hundreds digit of 26521?
5
What is the tens digit of 1357?
5
What is the hundreds digit of 9406?
4
What is the tens digit of 2211?
1
What is the thousands digit of 9155?
9
What is the tens digit of 1077?
7
What is the tens digit of 1463?
6
What is the ten thousands digit of 44350?
4
What is the tens digit of 9502?
0
What is the tens digit of 41048?
4
What is the hundreds digit of 2379?
3
What is the tens digit of 2568?
6
What is the ten thousands digit of 46465?
4
What is the tens digit of 27744?
4
What is the hundreds digit of 31750?
7
What is the units digit of 24188?
8
What is the thousands digit of 1891?
1
What is the hundreds digit of 1708?
7
What is the units digit of 122?
2
What is the hundreds digit of 12057?
0
What is the units digit of 5966?
6
What is the hundreds digit of 616?
6
What is the hundreds digit of 24314?
3
What is the units digit of 1126?
6
What is the tens digit of 5292?
9
What is the hundreds digit of 52784?
7
What is the tens digit of 46?
4
What is the thousands digit of 3933?
3
What is the units digit of 34698?
8
What is the units digit of 879?
9
What is the ten thousands digit of 23889?
2
What is the tens digit of 741?
4
What is the hundreds digit of 9573?
5
What is the tens digit of 3350?
5
What is the tens digit of 4944?
4
What is the units digit of 246?
6
What is the units digit of 130?
0
What is the thousands digit of 1559?
1
What is the hundreds digit of 37669?
6
What is the tens digit of 202913?
1
What is the thousands digit of 14348?
4
What is the hundreds digit of 660?
6
What is the hundreds digit of 30431?
4
What is the units digit of 1297?
7
What is the tens digit of 149?
4
What is the tens digit of 278?
7
What is the tens digit of 15981?
8
What is the thousands digit of 9105?
9
What is the hundreds digit of 15962?
9
What is the tens digit of 18335?
3
What is the thousands digit of 4201?
4
What is the hundreds digit of 616?
6
What is the thousands digit of 2487?
2
What is the tens digit of 12912?
1
What is the hundreds digit of 1182?
1
What is the units digit of 1166?
6
What is the hundreds digit of 874?
8
What is the tens digit of 177?
7
What is the units digit of 1469?
9
What is the tens digit of 1473?
7
What is the thousands digit of 4460?
4
What is the ten thousands digit of 41044?
4
What is the hundreds digit of 4288?
2
What is the hundreds digit of 874?
8
What is the thousands digit of 2852?
2
What is the thousands digit of 18084?
8
What is the units digit of 33861?
1
What is the units digit of 1101?
1
What is the tens digit of 422?
2
What is the tens digit of 841?
4
What is the thousands digit of 17012?
7
What is the thousands digit of 18732?
8
What is the hundreds digit of 10986?
9
What is the tens digit of 31780?
8
What is the thousands digit of 11043?
1
What is the units digit of 24979?
9
What is the units digit of 8345?
5
What is the units digit of 343?
3
What is the units digit of 8669?
9
What is the thousands digit of 1162?
1
What is the hundreds digit of 189?
1
What is the tens digit of 611?
1
What is the units digit of 1521?
1
What is the units digit of 1201?
1
What is the units digit of 984?
4
What is the hundreds digit of 582?
5
What is the hundreds digit of 1671?
6
What is the hundreds digit of 5604?
6
What is the thousands digit of 175245?
5
What is the units digit of 6170?
0
What is the hundreds digit of 771?
7
What is the tens digit of 10759?
5
What is the tens digit of 5530?
3
What is the hundreds digit of 1798?
7
What is the tens digit of 45831?
3
What is the tens digit of 332?
3
What is the hundreds digit of 2119?
1
What is the thousands digit of 30681?
0
What is the tens digit of 25066?
6
What is the thousands digit of 1482?
1
What is the thousands digit of 5098?
5
What is the tens digit of 70?
7
What is the hundreds digit of 81822?
8
What is the hundreds digit of 5359?
3
What is the hundreds digit of 399?
3
What is the units digit of 7767?
7
What is the tens digit of 279?
7
What is the tens digit of 32?
3
What is the thousands digit of 3133?
3
What is the units digit of 407?
7
What is the hundreds digit of 18516?
5
What is the units digit of 430?
0
What is the thousands digit of 1302?
1
What is the hundreds digit of 3882?
8
What is the thousands digit of 131698?
1
What is the units digit of 6414?
4
What is the tens digit of 965?
6
What is the tens digit of 5960?
6
What is the units digit of 59859?
9
What is the units digit of 5159?
9
What is the hundreds digit of 13968?
9
What is the units digit of 4621?
1
What is the hundreds digit of 1189?
1
What is the tens digit of 920?
2
What is the ten